a multiple of 86?
False
Is 429716 a multiple of 298?
True
Is 12316 even?
True
Is 139660 a multiple of 13?
False
Does 111 divide 1044924?
False
Is 239640 a multiple of 20?
True
Does 16 divide 69744?
True
Is 1239492 a multiple of 1030?
False
Does 17 divide 99855?
False
Does 18 divide 530496?
True
Is 2080193 a multiple of 44?
False
Does 26 divide 9260186?
True
Does 259 divide 105931?
True
Is 212 a factor of 1392840?
True
Is 598420 a multiple of 15?
False
Is 36 a factor of 4181498?
False
Does 10 divide 411927?
False
Is 5285250 a multiple of 435?
True
Is 309 a factor of 211665?
True
Is 153374 a multiple of 150?
False
Does 125 divide 840043?
False
Is 69480 a multiple of 8?
True
Is 8452814 a multiple of 780?
False
Is 629 a factor of 1131400?
False
Does 170 divide 27880?
True
Does 979 divide 381593?
False
Does 145 divide 1561070?
True
Is 3315 a multiple of 195?
True
Is 9 a factor of 5822451?
True
Is 402 a factor of 262908?
True
Does 289 divide 4381529?
True
Is 18 a factor of 26118?
True
Is 1804252 a multiple of 39?
False
Does 78 divide 102882?
True
Does 4 divide 7564?
True
Does 9 divide 13086?
True
Is 16 a factor of 104928?
True
Is 168 a factor of 156253?
False
Is 49 a factor of 890137?
False
Does 789 divide 288230?
False
Is 39 a factor of 8895510?
True
Is 14 a factor of 71695?
False
Is 88522 a multiple of 3?
False
Is 110868 a multiple of 278?
False
Does 5 divide 665831?
False
Is 228 a factor of 410934?
False
Does 25 divide 13855908?
False
Is 1023330 a multiple of 42?
True
Is 210710 a multiple of 22?
False
Is 31 a factor of 5997171?
False
Does 1339 divide 1759225?
False
Is 3051498 a multiple of 48?
False
Does 1262 divide 2234753?
False
Is 923048 a multiple of 622?
True
Is 4250106 a multiple of 1137?
True
Is 251828 a multiple of 401?
True
Is 998336 a multiple of 164?
False
Does 41 divide 1361774?
True
Is 29 a factor of 37555?
True
Does 253 divide 3438049?
False
Does 1081 divide 9300924?
True
Is 16464712 a multiple of 27?
False
Does 27 divide 498123?
True
Is 24 a factor of 17760912?
True
Is 706628 a multiple of 214?
True
Does 38 divide 567480?
False
Does 587 divide 49895?
True
Is 98 a factor of 865064?
False
Is 964 a factor of 1028271?
False
Is 191 a factor of 2705324?
True
Does 76 divide 2682336?
False
Is 807465 a multiple of 354?
False
Is 9104350 a multiple of 85?
True
Is 45 a factor of 8049455?
False
Is 259571 a multiple of 62?
False
Is 15 a factor of 78563?
False
Does 111 divide 1471287?
False
Is 18707236 a multiple of 63?
False
Is 12 a factor of 1801476?
True
Does 1262 divide 154687?
False
Does 16 divide 722576?
True
Does 26 divide 611634?
False
Is 10 a factor of 268236?
False
Is 2 a factor of 37219?
False
Is 652987 a multiple of 17?
True
Does 46 divide 55660?
True
Does 12 divide 6551235?
False
Is 27 a factor of 350757?
True
Does 12 divide 593196?
True
Is 846081 a multiple of 6?
False
Does 268 divide 265320?
True
Is 74 a factor of 9126887?
False
Is 23247 a multiple of 11?
False
Does 45 divide 187965?
True
Does 14 divide 365839?
False
Is 15003136 a multiple of 64?
True
Is 276 a factor of 184920?
True
Is 109607 a multiple of 18?
False
Does 23 divide 11529447?
False
Does 159 divide 108438?
True
Is 2188312 a multiple of 8?
True
Does 4 divide 28060?
True
Is 405670 a multiple of 226?
True
Is 9331690 a multiple of 39?
False
Is 47 a factor of 100718?
False
Is 170410 a multiple of 26?
False
Does 36 divide 1735114?
False
Is 695 a factor of 2542534?
False
Does 3 divide 17580?
True
Is 48 a factor of 231792?
True
Does 119 divide 453746?
False
Is 304 a factor of 498256?
True
Is 100381 a multiple of 66?
False
Is 27 a factor of 3129?
False
Does 26 divide 5579508?
False
Is 16 a factor of 1726528?
True
Is 10 a factor of 6174585?
False
Is 13 a factor of 2094851?
False
Is 17536 a multiple of 64?
True
Is 411312 a multiple of 6?
True
Is 8 a factor of 35905?
False
Is 172 a factor of 49459?
False
Is 23 a factor of 14236377?
False
Is 91 a factor of 43847?
False
Does 832 divide 10578048?
True
Is 672364 a multiple of 44?
True
Is 151 a factor of 38464?
False
Does 49 divide 607818?
False
Is 8708550 a multiple of 30?
True
Is 8 a factor of 8613016?
True
Is 976449 a multiple of 167?
True
Does 4 divide 95528?
True
Does 18 divide 209505?
False
Is 479021 a multiple of 136?
False
Is 231411 a multiple of 6?
False
Does 12 divide 392436?
True
Is 244428 a multiple of 4?
True
Is 119539 a multiple of 179?
False
Is 889201 a multiple of 1811?
True
Is 12611040 a multiple of 65?
True
Is 23806 a multiple of 16?
False
Is 1299151 a multiple of 297?
False
Is 6 a factor of 98977?
False
Is 2092008 a multiple of 536?
True
Is 5647433 a multiple of 1581?
False
Is 6 a factor of 60573?
False
Is 280 a factor of 95412?
False
Is 398189 a multiple of 583?
True
Is 8 a factor of 588480?
True
Is 13032 a multiple of 24?
True
Does 32 divide 615424?
True
Does 75 divide 2268920?
False
Is 41 a factor of 108404?
True
Does 189 divide 671895?
True
Is 2635354 a multiple of 51?
False
Is 113832 a multiple of 136?
True
Does 10 divide 346235?
False
Does 3 divide 73858?
False
Does 13 divide 722779?
False
Is 419104 a multiple of 112?
True
Is 70473 a multiple of 39?
True
Does 26 divide 3673514?
True
Does 45 divide 816210?
True
Is 12 a factor of 429078?
False
Does 431 divide 10552604?
True
Is 548 a factor of 5999504?
True
Is 2 a factor of 344672?
True
Is 127 a factor of 178054?
True
Is 14385147 a multiple of 93?
True
Is 17 a factor of 611099?
True
Does 41 divide 86259?
False
Is 23 a factor of 129200?
False
Is 45720 a multiple of 18?
True
Is 1861284 a multiple of 4?
True
Does 401 divide 170024?
True
Does 2 divide 116226?
True
Does 6 divide 153781?
False
Is 902590 a multiple of 689?
True
Is 23278 a multiple of 143?
False
Does 33 divide 1170939?
True
Is 81 a factor of 2032508?
False
Does 3 divide 160554?
True
Does 30 divide 979200?
True
Is 7 a factor of 89243?
True
Is 15 a factor of 806760?
True
Is 450190 a multiple of 77?
False
Is 12581895 a multiple of 1082?
False
Is 536070 a multiple of 13?
False
Is 431 a factor of 163780?
True
Does 13 divide 188321?
False
Does 15 divide 112800?
True
Is 364 a factor of 2344122?
False
Does 253 divide 1022120?
True
Is 112234 a multiple of 7?
False
Does 114 divide 191939?
False
Does 1312 divide 22858976?
True
Is 102796 a multiple of 14?
False
Is 525596 a multiple of 90?
False
Does 154 divide 12271303?
False
Does 12 divide 5837042?
False
Is 5562399 a multiple of 5?
False
Does 59 divide 121577?
False
Is 9 a factor of 300292?
False
Does 3 divide 268548?
True
Is 94 a factor of 75012?
True
Is 13030430 a multiple of 1062?
False
Is 1068147 a multiple of 27?
True
Does 46 divide 502356?
False
Is 176 a factor of 667397?
False
Does 7 divide 416822?
True
Does 27 divide 57246?
False
Is 12 a factor of 1561104?
True
Is 11 a factor of 62865?
True
Is 3652786 a multiple of 175?
False
Is 73833 a multiple of 16?
False
Is 923 a factor of 9499746?
False
Does 686 divide 2085440?
True
Is 212496 a multiple of 466?
True
Is 726 a factor of 2465695?
False
Is 43013 a multiple of 33?
False
Does 16 divide 631632?
True
Is 5 a factor of 105370?
True
Does 9 divide 134253?
True
Does 342 divide 333108?
True
Does 54 divide 240878?
False
Is 183 a factor of 123507?
False
Is 96 a factor of 828211?
False
Is 690 a factor of 3917065?
False
Is 104616 a multiple of 6?
True
Is 3257 even?
False
Is 128 a factor of 215943?
False
Does 43 divide 7266484?
True
Is 7803260 a multiple of 202?
True
Does 4 divide 10108?
True
Does 23 divide 5158624?
True
Is 31 a factor of 1867885?
False
Is 478 a factor of 277814?
False
Does 4 divide 2207572?
True
Is 156133 even?
False
Does 3 divide 9585?
True
Is 5 a factor of 303044?
False
Is 626603 a multiple of 29?
True
Is 161580 a multiple of 30?
True
Is 71764 a multiple of 2?
True
Does 663 divide 9282?
True
Does 150 divide 194100?
True
Is 1182763 a multiple of 20?
False
Is 5023106 a multiple of 671?
True
Is 800583 a multiple of 6?
False
Does 304 divide 1294432?
True
Is 12 a factor of 48762?
False
Is 5119608 a multiple of 366?
True
Is 2 a factor of 45107?
False
Does 20 divide 4048860?
True
Is 4 a factor of 2204496?
True
Is 117 a factor of 913653?
True
Is 8549050 a multiple of 25?
True
Is 6 a factor of 5785357?
False
Is 15 a factor of 233819?
False
Is 49 a factor of 677170?
False
Does 3 divide 670308?
True
Does 60